
-7
Let n(h) = -3*h - 26. Let z be n(-12). Let j(c) = -c**2 + 9*c + 7. What is j(z)?
-3
Let h(t) = -9*t**3 + 11*t**2 - 3. Let f(j) = -29*j**3 + 34*j**2 - 11. Let i(c) = -4*f(c) + 13*h(c). Let n be (-3 - -1)*14/(-4). What is i(n)?
5
Let l(m) = m**3 - 5*m**2 + m + 4. Let u(f) = 222 + 226 - 3*f - 440. Let a be u(1). What is l(a)?
9
Let d(j) = -45*j**3 - 11*j**2 + 9*j. Let g(h) = -23*h**3 - 6*h**2 + 5*h. Let i(o) = o**2 - 4*o - 27. Let z be i(7). Let y(b) = z*d(b) + 11*g(b). What is y(-1)?
-18
Let p(n) = -7*n**3 - 2*n**2 - 3*n - 3. Let r(j) = 21*j - 296. Let b be r(14). Calculate p(b).
51
Let q(y) = -3*y + 79. Let x(n) = -2*n + 45. Let i(m) = q(m) - 2*x(m). Let j be (1 + -2)*-1 - 1. What is i(j)?
-11
Let h(p) be the first derivative of -p**3/3 - 2*p**2 + 8*p + 27. Let u be (-23)/4 - (-5)/(-20). Determine h(u).
-4
Let l(x) be the second derivative of -x**3/2 - 4*x**2 - 28*x - 2. Calculate l(-4).
4
Let p(b) = 3*b + 7. Let j(g) = -3*g - 6. Let r(s) = 3*j(s) + 2*p(s). Let c(v) = v - 1. Let k(d) = 3*c(d) - r(d). Give k(-2).
-11
Let g(o) = 2*o**2 - 7*o - 181. Let c(m) = -m**2 + 3*m + 89. Let v(p) = -5*c(p) - 2*g(p). Calculate v(10).
7
Let l(s) = -s**3 + 2*s**2 + 2*s + 1. Let c(i) be the second derivative of i**4/12 + 3*i**3/2 - 19*i**2/2 + 16*i. Let k be c(-11). Calculate l(k).
-2
Let r(g) = g - 4. Let w(f) = -3*f + 12. Let a(p) = -17*r(p) - 6*w(p). Let u be a(4). Let i(z) = -2 - z**2 - 4 + 3 + 4*z + u. Give i(4).
-3
Let l be 2/(-15)*55/(-44). Let r(i) be the second derivative of -l*i**4 + 1/6*i**3 + 0 - 4*i + 1/20*i**5 + 0*i**2. Determine r(2).
2
Let y(q) = -3*q**3 + q**2 + q. Suppose 2*d + 12 = 3*b, -2*d - 22 = -5*b - 2. Suppose -2*h + 4 = -3*l, 0*h = b*h + 4*l + 12. Give y(h).
3
Suppose 50*h = -4*b + 52*h + 6, 0 = 2*b + h + 3. Let s(m) = -m**2 - 13. Determine s(b).
-13
Let y = -55 + 60. Let z(x) = 2*x**2 - 4*x - 6. Let a(c) = -3*c**2 + 6*c + 9. Let j(d) = -5*a(d) - 8*z(d). Give j(y).
-12
Let g(k) = -3*k**2 - 5*k. Let t(j) = -j**2 - 2*j. Let h(r) = -3*g(r) + 8*t(r). Let c be -8*(1 - 15/10). Suppose -n + 6 = c*z, -2*n = z - 6*z + 1. What is h(n)?
2
Let x(s) = -s**3 - 4*s**2 + 3*s + 3. Suppose 2*k + q + 23 = 0, q - 42 = 3*k + 5*q. Let w be 60/50*k/3. Give x(w).
-9
Let g(n) = -283 - 277 + 2*n - 278 + 832. Let i(s) = 14*s + 9. Let h(r) = -5*r - 3. Let z(q) = -17*h(q) - 6*i(q). Let k be z(7). What is g(k)?
2
Let v(k) = -k**3 + 3*k**2 + 2. Let d(l) = 5*l**3 - 9*l**2 - 4*l - 10. Let n(q) = d(q) + 4*v(q). Determine n(2).
10
Let q(c) = c. Let p be q(6). Let z(b) = 4*b**2 + 1 - 7*b + 0*b**2 + 9*b**2 - 12*b**2. Give z(p).
-5
Let v(t) = 15*t + 10. Let c(l) = 97*l + 64. Let q(i) = 4*c(i) - 26*v(i). Suppose 5*b = 3*r - 5, -2*b + 4*r = 1 - 13. Let j be b - 2/(-2)*-2. Calculate q(j).
8
Let t(k) = -k**2 + 5*k - 4. Let y = -451 + 458. Calculate t(y).
-18
Let s(h) = -h**2 + 6*h - 1. Suppose 4*q - 37 = 3. Determine s(q).
-41
Let b(o) = 3*o**3 - o. Let x be b(1). Suppose x*m = -2*m + 12. Let g(n) = -5 + 7*n - 6*n**2 + 0*n**2 + 8*n**2 - m*n**2. Calculate g(4).
7
Let b(f) = -71*f**3 + 7*f**2 - 5 - 70*f**3 - 4*f + 140*f**3. Calculate b(5).
25
Let u(x) be the third derivative of x**5/15 - x**4/24 + 94*x**2. Let w be 0 - (4 + (-7 - -4)). Determine u(w).
5
Let v(i) = i**3 + 8*i**2 - 2*i - 6. Let c be v(-8). Let k(s) = -s - c*s**2 + 7*s**2 + 15*s**2. Determine k(1).
11
Let w(s) = -8*s + 23. Let a(t) = -5*t + 20. Let i(g) = 3*a(g) - 2*w(g). Determine i(-17).
-3
Let s = 43/3240 - 2/405. Let r(q) be the third derivative of -2*q**2 + 0 - 1/15*q**5 + s*q**6 - 1/4*q**4 + 0*q + 1/6*q**3. Give r(5).
-4
Let r(c) = c**2 + c. Suppose -p - 245 = 5*a, -a - 5*p + 8 = 57. Let g = -50 - a. Give r(g).
0
Let o(n) be the second derivative of n**2 + 26*n + 0 - 1/6*n**3. Determine o(5).
-3
Suppose 3 = -44*d + 47*d. Let n(l) = 16*l + 7. Let x(f) = 5*f + 2. Let p(m) = 6*n(m) - 21*x(m). Calculate p(d).
-9
Suppose 3 - 5 = -m. Let w(p) be the first derivative of 5 + 2*p - 1/2*p**m. Calculate w(-4).
6
Let r(u) be the second derivative of u**5/20 - u**4/3 + u**3/3 - 3*u**2/2 - u. Let f = -111 - -110. Let i be (-15)/5*(-1 + 1 + f). Determine r(i).
-6
Let k be 30/(((-8)/3)/(-4)). Suppose 49*d - k*d = 16. Let z(q) = q**3 - 5*q**2 + 4*q. Determine z(d).
0
Let h(w) be the third derivative of w**5/30 - 5*w**4/24 - w**3 + 307*w**2. Calculate h(6).
36
Suppose -3*m = -19 + 4. Suppose 4*b + 0*f = 3*f + 17, m = 4*b + f. Let i(x) = 0 - 9*x**b + 1 - 2 - x**3 + 5*x + 5*x**2. Give i(-5).
-1
Let k(z) = -z - 1. Let j(g) = g**2 + 11*g + 13. Let a be j(-10). Let n be k(a). Let v be (n/12)/((-1)/(-15)). Let p(y) = y**3 + 4*y**2 - 6*y. What is p(v)?
5
Let f(s) be the third derivative of s**5/60 - 3*s**4/8 + 4*s**3/3 + s**2. Let y be (1 - 2/5) + (-26865)/(-4975). What is f(y)?
-10
Let y(o) = -2*o**2 - 2*o + 1. Suppose 0 = -3*n + 4*a + 21, 4*n - 1 = a + 14. Suppose 0 = n*m + 6. Calculate y(m).
-3
Suppose 2*r = 4*m + 4, -5*m + 7*m + 2 = 0. Let c be 3/(-2)*(-8)/6. Let b(x) = 5 + 10 - x**c - x + 2*x. What is b(r)?
15
Let m(v) = 8*v. Let k be m(1). Let r(y) be the third derivative of y**4/24 - y**3/3 - y**2 - 21*y. Calculate r(k).
6
Let x(a) = 0*a - 1 - 3*a**2 - 3*a**2 - 3*a + 4*a. Suppose 15 - 21 = -6*v. Determine x(v).
-6
Let v(p) = -6*p**2 - 3*p - 2. Suppose 34 - 26 = -8*j. Determine v(j).
-5
Suppose 0 = 5*b + 5*c + 5, -4*c - 5 = 11. Let m(g) = 5*g**2 + 5*g + 19. Let n(a) = -7*a**2 - 5*a - 24. Let s(h) = 4*m(h) + 3*n(h). Calculate s(b).
10
Let h(n) = -n**2 + 7*n - 4. Let p(l) = -l**2 - 8*l + 9. Let f be p(-8). Let w be 1 - 0/(f/3). Let g be (3 - 8) + w + 10. What is h(g)?
2
Let i(r) = r. Let k(j) = -j**2 - j - 5. Let h(n) = 2*i(n) - k(n). Let x be 12/5 + 6/10. Suppose 4*c + 11 = -2*l + 5*c, 9 = -x*l - c. Determine h(l).
9
Let h(d) be the second derivative of -3*d**5/20 - d**4/4 - d**3/6 + d**2/2 + 7*d - 5. Determine h(-1).
2
Let v(z) be the third derivative of -z**5/60 - z**4/4 + 2*z**3/3 - 9*z**2 + 2*z. Calculate v(-7).
-3
Let s(m) = -25*m + 3. Let g(b) = 9*b - 1. Let p(o) = -8*g(o) - 3*s(o). Suppose 8 = -v + 5*v. Determine p(v).
5
Let c = -32 + 33. Let q(s) = 55*s + 65*s - 115*s + s**2 - c. What is q(-4)?
-5
Let p(z) = z**3 - 3*z**2 - 7*z + 5. Suppose 2 = 2*i - 8. Suppose 0 = 4*h - i*c - 1, 2*h = -2*h - 5*c + 31. Give p(h).
-7
Let k(i) = -11 + 16 + 0 + 4 + 3*i. Let s(w) be the third derivative of -w**4/24 - 7*w**2. Let t(p) = k(p) + s(p). Give t(-6).
-3
Let w(i) = -8*i**2 + i + 1. Let m = 718 - 716. What is w(m)?
-29
Suppose -41*y - 205 - 41 = 0. Let n(z) = -2*z**2 - 4*z - 3. Calculate n(y).
-51
Suppose 0 = -5*l - 5, 0*l - 12 = -t + 4*l. Let b be (-2 - t/(-4)) + 2. Let p(i) = 4*i - 3. Calculate p(b).
5
Let o(n) be the first derivative of -n**4/4 - 11*n**3/3 + 6*n**2 - 8*n + 35. Calculate o(-12).
-8
Let z(r) be the second derivative of -3*r**5/20 + r**3/2 + r**2/2 - 509*r + 1. Let j(t) = t. Let a be j(-2). Give z(a).
19
Let c be (-273 + -9)*2/(-4). Let i = c - 135. Let o(g) = -g + 1. Determine o(i).
-5
Let m(v) = -v + 9. Let p be m(4). Let n(t) = 11*t**3 - 10*t**2 + 10*t - 15. Let s(w) = 4*w**3 - 3*w**2 + 3*w - 5. Let a(c) = 3*n(c) - 8*s(c). Give a(p).
0
Let s be ((-1)/3)/(8/96). Let q(v) = -120 + 120 + v**2 + v. Let n(r) = r**2 - 6*r - 5. Let g(t) = n(t) - 2*q(t). What is g(s)?
11
Let j(o) = -1. Let z(b) = -9*b + 6. Let f(n) = -n**3 - 10*n**2 - 1. Let y be f(-10). Let c(i) = y*z(i) - 5*j(i). Give c(1).
8
Let f(h) = 10*h**3 + h + 1. Suppose 5*m + 2 = 2. Let b be (m - -1) + (-18)/9. Calculate f(b).
-10
Let l(s) be the second derivative of -s**3/2 + 13*s**2 + 16*s. Let h be l(8). Let r(z) = -7*z**2 + 3*z. What is r(h)?
-22
Let t(n) = n + 3. Let z be 1 + (-4 + 3 - -5). Let j be (1 - (z - 2))*-2. Suppose 3*r - j*p = -11, 11 = -2*r - p - 0*p. Give t(r).
-2
Let b(p) = 2*p + 13. Let y(n) = -2*n - 14. Let f(w) = -3*b(w) - 2*y(w). Give f(-3).
-5
Suppose 0*h - h + 2 = 0. Let b(z) = 0 + 2*z - 3 + h. Let v be 1/(1/4) - -1. Determine b(v).
9
Suppose 3*h - 35 = 4*s, 10 = -3*h - 5*s - 0*s. Let b(w) be the second derivative of -w + 1/6*w**3 + 0*w**2 + 0. Determine b(h).
5
Let f be ((-3)/6)/((-2)/(-28)). Let h be 1 - (-1 - (3 + f)). Let a(d) = 2*d + 3. What is a(h)?
-1
Let y(u) = -14*u**2 + u. Suppose 5*v + 195 = 8*v. Let l = 64 - v. Determine y(l).
-15
Let k(x) = -x + x**2 + 3801 - 3804 + 0*x**2. Suppose -4*d = 3*g + 4, -4*d - 7 = -5*g - 3